. Let j = 150 + u. Is j composite?
False
Suppose 2*m - 806 = 4*y, 2*y + 798 = -0*m + 2*m. Is m prime?
False
Suppose 0 = 3*g - 8*g + 795. Is g prime?
False
Let k(d) = d**3 - d - 2. Let g be k(2). Suppose g*f = 56 - 20. Suppose 3*c - f = t, -c + 2*t = c - 10. Is c composite?
False
Let f(a) be the second derivative of 0 - a**2 - 7/6*a**3 - 2*a. Is f(-3) a composite number?
False
Let j be (8/((-6)/(-3)))/2. Is 5/(j - (-445)/(-223)) composite?
True
Let g be (-3)/12 - 1/(-4). Suppose 5*z + a - 98 = g, -2*z + 10 = -z - 3*a. Is z a prime number?
True
Let r = -11 - -14. Suppose -103 - 13 = -5*n - r*d, -4*n + d = -103. Is n a prime number?
False
Suppose 0 = 4*u + 18 - 294. Suppose 2*g - u = -g. Is g prime?
True
Suppose 0 = v + 3*z - 19, -4*v - 3*z + 24 = -7. Suppose v*h + 181 - 904 = -5*a, 4*h = -4*a + 580. Is a a prime number?
False
Let c(o) = -4*o**3 - o**2 - o. Let k be c(-1). Is (-8)/k - 225/(-1) prime?
True
Let j(g) be the first derivative of 61*g**3/3 + g**2/2 - g - 3. Let c be j(1). Suppose t - 4*v - c = 0, 2*t + t = 5*v + 162. Is t a prime number?
False
Let r(a) be the third derivative of a**5/10 - a**4/24 + a**2. Let y be r(-1). Suppose -y*h = -8*h + 55. Is h a prime number?
False
Suppose 0*p = -2*p + 794. Is p composite?
False
Let w be ((-18)/6)/(2/(-50)). Let r = w + -34. Let a = r - 19. Is a composite?
True
Suppose -2*a = 2*a - 4. Suppose -p + 9 = -a. Is p composite?
True
Let a be (-16)/12 + (-3)/(-9). Suppose 5*m + 98 = -132. Is m*a*3/6 a prime number?
True
Suppose 5*g = 2*a + 2*a - 3195, 0 = -a + g + 800. Suppose a = 5*f - 0*f. Is f composite?
True
Let k = 2 - -3. Suppose f - 2*l - l - 217 = 0, k*f - 1085 = -l. Is f prime?
False
Let m be 2/(-1 + 2) + -11. Let l(z) be the second derivative of -z**5/20 - 3*z**4/4 - z**3/2 - z**2 - z. Is l(m) prime?
False
Let s(v) = -7*v**2 - 4*v - 2. Let i be s(5). Let p = i - -284. Is p prime?
False
Let y be 26/8 - 2/8. Suppose 4*x = -x - 5, -2*q + y*x = 23. Is (-95)/(-10)*(1 - q) composite?
True
Suppose 2*v - 3 = 3. Let q = v + 1. Suppose b = q*n - 373 - 79, -3*n = 2*b - 339. Is n prime?
True
Suppose -u + 16 = -5*y, -5*u - 4 = 5*y - 2*y. Let a be u/(-4) - 1457/(-4). Suppose 3*j + j = a. Is j a composite number?
True
Suppose -5 - 21 = -4*s + 2*l, 32 = 5*s - 2*l. Let y(q) = q - 4*q + q + s. Is y(-8) prime?
False
Let o(z) = 4*z**2 + 2*z + 17. Let l be o(7). Suppose 883 + l = 6*i. Is i prime?
False
Let b = 30 - 24. Is b prime?
False
Let t(k) = 3*k**2 + 13*k + 13. Is t(-14) a composite number?
False
Is 1 - -1762 - (1 - -3) a prime number?
True
Let d(o) = -o**3 + 4*o**2 + 5*o + 5. Let r be d(5). Let t = r - 2. Suppose 5*k - t*k = 22. Is k prime?
True
Suppose 0 = 5*n - 5, -144 = -s - n + 2*n. Is s composite?
True
Suppose -1316 = -5*j - h + 276, 0 = 4*j - 4*h - 1288. Is j a composite number?
True
Let p(r) = r**2 - r - 1. Is p(-7) prime?
False
Suppose 2*z - 383 = -85. Is z a prime number?
True
Is 1322/4 - ((-14)/4 + 3) a composite number?
False
Suppose -p - 1194 = -4*p. Suppose 3*h + 5*x - p = 0, 5*x = -0*h + h - 126. Is h a prime number?
True
Let k be -11*(3/3 - 16). Suppose -7*n = -2*n - k. Is n composite?
True
Suppose -8*f = -18*f + 5910. Is f prime?
False
Suppose 360 = 3*p + 5*r, -3*p + 3*r + 62 = -274. Is p composite?
True
Suppose 0 = -4*y - 2*k + 12, 0 = 5*y - 2*k - 25 + 1. Suppose 4*h - y = 2*h. Suppose 4*r = -h*z + 66, -r = -z + 33 + 9. Is z a composite number?
True
Let g be (12/(-10))/(12/(-30)). Suppose -3*x = -2*y - 20 + 221, g*x + 96 = y. Suppose 0 = -p - 2*p + y. Is p prime?
False
Suppose -10*n = -7879 - 1951. Is n prime?
True
Let o = 291 - 170. Let n = -72 + o. Is n a prime number?
False
Suppose 2*x - 6*x + 2524 = 0. Is x a prime number?
True
Let g(u) = -12*u + 1. Is g(-2) prime?
False
Let t = -6 - -11. Suppose -2*q - 2*x = -98, 3*q - 2*q - 67 = t*x. Suppose -s = 3*s - q. Is s composite?
False
Suppose -4*f + 5*r + 547 = 0, -4*f = -f - 3*r - 408. Is f prime?
False
Let m(v) = 1400*v - 1. Is m(1) prime?
True
Is 58/(2/1)*5 prime?
False
Suppose 43*t - 40*t = 951. Is t a composite number?
False
Suppose 3*c + 2*c = 15. Suppose -2*y + 2*s = -57 - 67, -4*y = c*s - 283. Is y a composite number?
False
Let i be 34*(-2)/1*-1. Suppose -f + i = f. Is f a prime number?
False
Is (-2266)/2*(-13 - -12) composite?
True
Suppose -3*i - 5*y + 37 = 0, -3*y - 5 = -4*i - i. Suppose 23 + 33 = i*z. Is z - (2/1 + -2) prime?
False
Suppose 1106 = 4*t + 262. Is t a prime number?
True
Let x(t) = 4*t**2 + 2*t - 1. Let b be x(1). Let s = -9 + b. Is 2*-1*30/s prime?
False
Suppose -3*f + 5*f = j - 3, 0 = 2*f - 4*j - 6. Is (-93)/(-9) + f/9 prime?
False
Let n(k) = -k**3 + k**2 + k + 4. Let c be n(0). Suppose 341 = o + c*a, a = -5*o + o + 1319. Is o prime?
False
Suppose 4*f + 2*l = 2264, -2*l = 3*f - 665 - 1033. Suppose 2*g - 4*g = 3*r - 538, 3*r = 5*g + f. Suppose r = 4*p - 126. Is p a prime number?
False
Let i = -1 + 21. Let o(q) = q**3 + 9*q**2 - 6*q + 5. Let z be o(-9). Suppose -l = -z + i. Is l composite?
True
Let z be -4*-1*(-1)/(-2). Suppose 2*q - z = q. Is (-1)/(q*(-3)/978) prime?
True
Let b be 8/36 - 4/18. Suppose b*d + 3*d = 66. Is d a composite number?
True
Let j = 15 + -21. Let a(d) = -28*d - 5. Is a(j) a prime number?
True
Let m(r) = 13*r + 1. Let f = 1 - -3. Is m(f) a composite number?
False
Let r be -1*(-1)/2*-6. Is r/(-12) - (-355)/4 a composite number?
False
Is (-1)/(-3)*(1571 - 8) a composite number?
False
Suppose 0 = -3*h - 2*h - 5. Let o(s) = s**3 - 5*s**2 - 3*s + 3. Let q be o(6). Is 2*q*h/(-2) prime?
False
Let o(i) = 17*i + 22. Is o(15) a composite number?
False
Let w(g) = -12*g**2 + 2*g - 2. Let c(d) = -11*d**2 + d - 1. Let x(t) = -3*c(t) + 2*w(t). Is x(2) a composite number?
False
Is (-1 + -6)*(-45 + 8) composite?
True
Suppose -484 = -3*f + 167. Is f a composite number?
True
Suppose 2*v + v = -5*x + 10, 0 = v + x - 2. Let i(m) = m**3 + 13. Is i(v) composite?
False
Suppose -2*u - x = -0*x - 2109, -5*x = 4*u - 4215. Is u composite?
True
Suppose h - 2 = -0. Suppose -2*r = -r + h*m - 31, 5*m + 5 = 0. Is r prime?
False
Suppose -20 = -5*i - 0*i. Let j(b) = 2*b**2 + 6*b - 4. Let z be j(-4). Suppose i*o = -z*g + 132, g - 3*o - 14 = 11. Is g a prime number?
True
Is (-3)/12 + 389/4 composite?
False
Let f(j) = -9*j + 1. Let h be f(-7). Let z = 103 - h. Suppose -3*b - z = -6*b. Is b composite?
False
Suppose 3 = 4*l - 5. Suppose -p + 3 = -l. Suppose 4*h = 4*w + 36, w - 2*w + 51 = p*h. Is h a prime number?
False
Suppose 0 = 4*f - i - 576, f - 2*i - 124 - 13 = 0. Let c = f - 80. Is c a prime number?
False
Let s = 1639 - 987. Let o = -323 + s. Is o prime?
False
Let y = -23 + 668. Let l = y + -430. Is l composite?
True
Let r = -145 + 98. Is -3 + 0 - (r - -5) a composite number?
True
Let m be ((-3)/(-6))/(2/28). Suppose 3*t = -5*l + 8, m*t + l = 3*t - 12. Is ((-6)/9)/(t/222) prime?
True
Let g = -39 + 242. Let u = g - 136. Is u prime?
True
Suppose 0*s + s = 12. Let y = s + 1. Is y a prime number?
True
Suppose 0 = f - 2*p - 83, -p = 3*p - 8. Is f prime?
False
Let q = -40 - -117. Is q a prime number?
False
Let z(i) = -6*i + i**2 - 15*i - 2*i**2 - 9. Is z(-14) prime?
True
Let r(c) = c + 4. Let d be r(0). Suppose s + d*n + 10 = -2*s, -30 = 2*s - 2*n. Let j = s - -19. Is j prime?
False
Suppose -q = -5*q + 1172. Is q a composite number?
False
Let w = -7 + 9. Suppose w*l = d + 2, 5*d - 3*d = -5*l - 4. Suppose 0*p + 3*p - 285 = l. Is p prime?
False
Suppose -8*t + 4 = -4*t. Let v(g) = 30*g**3 + g**2 - g + 1. Is v(t) prime?
True
Let n = -9 + 13. Let l(k) = -n - 5*k - 1 + k**3 + 4*k**2 + k**2. Is l(-4) composite?
False
Let d(c) = c**3 + c**2 - c + 144. Let g be d(0). Let i = g + -93. Is i a prime number?
False
Let k be (10/3)/((-4)/(-6)). Suppose -k*l = -5, 0 = -2*u - u + 3*l + 444. Is u composite?
False
Suppose -2*l - 55 = -189. Is l a composite number?
False
Let j be (8 + 0)*2/8. Suppose -2 = j*l, 5*y + 3*l - 230 = -2*l. Is y a prime number?
True
Let n = -53 - -90. Is n composite?
False
Suppose -3*o + 65 = 5*a, -2*a + 11 = -4*o + 63. Suppose -5*s + 2*r + 160 = o, -5*s + 165 = 2*r. Is s prime?
True
Let r be (-3390)/(-25) + (-4)/(-10). Suppose 0 = -q - 3*q - 36. Let y = q + r. Is y a prime number?
True
Let d(x) = 4 + 14*x + 43*x - 6. Is d(1) a composite number?
True
Let h(g) = -4773*g - 11. Is h(-2) prime?
False
Suppose 778 = 3*y - 425. Is y